-4*u = -v*u. Suppose u = -2*q + 14 - 0. What are the prime factors of q?
7
Suppose 156 = 7*c - 236. List the prime factors of c.
2, 7
List the prime factors of 2331/54 - 1/((-12)/(-2)).
43
Let m(i) = 3*i. Let r be m(1). Suppose 3*j - 4*x = -j + 24, 4*j = -r*x + 52. List the prime factors of j.
2, 5
Let u be (-1)/((-2)/6*1). Suppose -1 = 3*c - 4*d, 5*c = -4*d + 38 + u. Suppose -n - 2*o + 8 + 2 = 0, -c*o + 30 = 3*n. List the prime factors of n.
2, 5
Suppose -6 = 3*m, -5*m + 25 = -2*s - 5. Let x = s - -38. Suppose x = -0*n + 3*n. What are the prime factors of n?
2, 3
Suppose 2*r + 5*f = r + 6, -3*f = -2*r - 14. Let g(q) = -5*q. What are the prime factors of g(r)?
2, 5
Suppose n - 4*n = -123. List the prime factors of n.
41
Let g = -9 + 14. List the prime factors of ((-12)/g)/(6/(-80)).
2
Suppose -2*x = 3*s - s - 140, 5*s = 4*x + 377. List the prime factors of s.
73
Let p(q) = 3*q**2 - 5*q + 79. What are the prime factors of p(8)?
3, 7, 11
Let c(g) = g**2 + 5*g + 9. Let n be c(-6). Let f = n + -8. What are the prime factors of f?
7
Suppose -4*h + 2*h = -234. List the prime factors of h.
3, 13
Suppose 96 = 3*g - 0*m + m, -3*m - 9 = 0. List the prime factors of g.
3, 11
Let l be (5 - 0)*(-12)/(-15). Suppose l*y = -5*h + 65, 4*h + 0*h - 31 = y. What are the prime factors of h?
3
Suppose -2*w = -32 - 336. List the prime factors of w.
2, 23
Let j be 6/10 + 760/25. Let i = j + -14. What are the prime factors of i?
17
Let t(p) = -10 + 1 - 2*p + 0 + 4*p. Let s(h) = 3*h - 9. Let k(x) = -4*s(x) + 5*t(x). What are the prime factors of k(-8)?
7
Let w(v) = -80*v**3 + 2*v**2 - v - 2. List the prime factors of w(-1).
3
Let y = -9 - -9. List the prime factors of 7/(2 + (y - 1)).
7
Let s be 6/(-4)*10/(-15). What are the prime factors of 0 + s/(-2)*-44?
2, 11
Suppose 0 = l - 6 + 2. Suppose 0 = l*k - 2 - 6. Suppose 2*q - k = 10. What are the prime factors of q?
2, 3
Let j = 6 - 13. Let w = j + 7. Suppose -5*b + 0 + 45 = w. List the prime factors of b.
3
Let s(u) = -2*u + 5*u - 5 - 4*u. Let f be s(-6). Suppose -14 = -3*x + f. List the prime factors of x.
5
Let b be (120/(-50))/((-2)/10). Let q = b + -2. List the prime factors of q.
2, 5
Let i = 2 + 3. Suppose -4*x = -3*c - 39, 2*x - 4*c - 2 = i*x. What are the prime factors of x?
2, 3
Let a(y) = -y**3 - 4*y**2 + 5*y + 4. Suppose 0 = -0*r + 5*r + 25. Let q be a(r). Let o(s) = 3*s - 2. What are the prime factors of o(q)?
2, 5
Suppose -6 = -2*o - o, -30 = 4*f - 3*o. Let s(r) = r**3 + 6*r**2 - 3*r - 9. Let v be s(f). Suppose a + v = 4*a. What are the prime factors of a?
3
Suppose 0 = b + 3*b - 124. What are the prime factors of b?
31
Let d(g) = 2*g**2 + 3*g - 15. What are the prime factors of d(-6)?
3, 13
Let t be 2/8 + (-3)/(-4). Let m(u) = 5*u**2 - u. Let c be m(t). Suppose 4*q + c*y + 3 = y, -q - 5*y = 22. List the prime factors of q.
3
Let n(p) = 18*p**2 + 1. What are the prime factors of n(1)?
19
Suppose -140 = -3*f + 31. List the prime factors of f.
3, 19
Let n = -3 + 9. Let k be (-9)/n*(-5 - -1). Suppose j - 3*j = -k. List the prime factors of j.
3
Suppose -3*q = -37 - 23. List the prime factors of q.
2, 5
Let z(l) = l + 19. Let c be z(-17). Suppose c*g - 22 = 32. What are the prime factors of g?
3
Suppose -2*c = c. Suppose c = -0*p + 2*p - 32. List the prime factors of p.
2
Let b be (0 + 0)/(-1)*-1. Suppose 3*g + 0*g - 4*a - 29 = b, -3*g = 3*a + 6. Suppose -t - 14 = -g*t. List the prime factors of t.
7
Let m = -127 - -188. List the prime factors of m.
61
Suppose -2*k + 0*k + 475 = 5*d, 2*d + 3*k = 190. Suppose -b = -6*b + d. What are the prime factors of b?
19
Suppose 0 = 3*i + 4*d - 527, 2*i + 2*d = -0*i + 352. List the prime factors of i.
3, 59
Let l(g) be the first derivative of -2*g**3/3 - 4*g**2 + 4*g - 3. Let j be l(-6). Let n = 34 + j. What are the prime factors of n?
2, 7
Let n = -3 + 24. List the prime factors of n.
3, 7
Let c = 47 + 101. List the prime factors of c.
2, 37
Suppose 5*z + 3 - 13 = 0. Suppose 0*t - 30 = -2*t - z*f, 5*t = -f + 83. What are the prime factors of t?
17
Let s(l) = 0 - l**2 - l**3 + 22 - l + 39. Let h be s(0). Suppose 3*t + 2*t = m + 40, 4*t - h = -5*m. List the prime factors of t.
3
Let h(b) = 5*b**2 - 8*b**2 - 5 - b**3 + 0*b**3 + 2*b**3. What are the prime factors of h(4)?
11
Let c = 28 + -7. Suppose 0*f - f + 19 = -4*p, 5*p + c = f. What are the prime factors of f?
11
Suppose -3*z + 14 + 1 = 0. List the prime factors of (10/(-3))/z*-24.
2
Suppose 2*x = -6, 4*y + x = y + 9. Suppose -y*l = -u - 3*u + 92, -2*u + 40 = 4*l. Suppose 14 = 3*w - u. List the prime factors of w.
2, 3
What are the prime factors of (-2)/(((-15)/(-342))/(-5)*4)?
3, 19
Suppose 2*r - 3*r + 47 = 0. Suppose 0 = -3*z - 2*j - 52, -3*z - j + 0*j - r = 0. Let a = -10 - z. What are the prime factors of a?
2
Let j = 6 - 11. Let p = 26 + j. Let w = -9 + p. List the prime factors of w.
2, 3
Let y be (-1)/(-2)*(3 - -3). Suppose 3*v + 0*v + 3*m = 27, -2*m = -y*v + 17. Let u(r) = r**2 - 7*r + 10. What are the prime factors of u(v)?
2, 5
Let g be 4/2 - (-1 + 0). Suppose g*v = 4*v - 2. Suppose -1 - 1 = -v*i - 2*b, 2*b + 33 = 5*i. What are the prime factors of i?
5
Let i(p) = p**3 + 9*p**2 + 7*p + 2. Let s be i(-8). Suppose -2*x + s = 5*h, 10*x - 5*x + 10 = 5*h. List the prime factors of -8*(-1 + x)*1.
2
Let m(b) be the third derivative of b**6/120 - b**5/12 + b**4/4 - 2*b**3/3 + b**2. Suppose 8 = 6*y - 2*y, 0 = -v - y + 6. List the prime factors of m(v).
2
Let u(p) be the third derivative of -1/60*p**5 - 1/3*p**3 - p**2 + 0 + 0*p - 5/24*p**4. What are the prime factors of u(-3)?
2
Let i be (28/6)/(1/3). Let b = 11 + i. List the prime factors of b.
5
Suppose 0*h + 4*t + 439 = 3*h, -h = t - 158. What are the prime factors of h?
3, 17
Let z(r) = -2*r - 29. List the prime factors of z(-16).
3
Let q(c) = -c + 8. List the prime factors of q(6).
2
Suppose -3*v + 5 = 53. Let o be (-171)/(-4) + (-4)/v. Let n = o - 23. What are the prime factors of n?
2, 5
Let b = 408 + -246. What are the prime factors of b?
2, 3
Let r(p) = -16*p**3 + 3*p**2 + 5*p + 9. List the prime factors of r(-2).
139
What are the prime factors of 4/10 + 2*(-628)/(-10)?
2, 3, 7
Suppose 2*z + 3*u = 0, 2*z - 4*u + u = 0. Suppose 0 = 4*o + 3*g - 128, 2*g = -2*g + 16. Suppose z = 2*t - 1 - o. What are the prime factors of t?
3, 5
Let h(t) = t**3 + 5*t**2 + 5. Let w = -13 + 8. What are the prime factors of h(w)?
5
Let v be 1/(2/(-16)*-4). List the prime factors of -2 - -24 - 0/v.
2, 11
Suppose 5*b = -13 + 3, 0 = -4*u + 3*b + 18. Suppose f - 104 = -u*f. List the prime factors of f.
2, 13
Suppose 2*t - 27 = 185. What are the prime factors of t?
2, 53
Suppose 4*q - 64 = -24. Suppose q*w - 5*w + 45 = 0. Let x = 19 + w. What are the prime factors of x?
2, 5
Let q = -327 + 467. Suppose -4*c + 8*c - q = 0. What are the prime factors of c?
5, 7
Suppose i = -2*y - 13, y - 5*y = 4*i + 36. Let a = y + 16. What are the prime factors of a?
2, 3
Let a be (-5 - -6) + (-5)/(-1). Let z(l) = -l**3 + 7*l**2 - 5*l. Let y be z(a). Suppose 0 = -y*s + s + 20. List the prime factors of s.
2
List the prime factors of (-16 - 2)/(3/(-4)).
2, 3
Let j(o) = 3 + 4 + 6 + 0*o - o. Let z be j(9). Suppose l + m - 46 = -3*l, l + z*m = 4. What are the prime factors of l?
2, 3
Let b(f) = 8*f - 1. Let d be b(-6). Let p = d - -81. What are the prime factors of p?
2
Suppose -5*z + 88 = -7*z. Let r = -69 - z. List the prime factors of -5*(-5)/(r/(-4)).
2
Let k = 4 + -5. Let t = 6 + k. Let u = t - 1. List the prime factors of u.
2
Suppose 0 = 2*y - 2, 0 = -3*r + 4*y - 2*y + 148. List the prime factors of r.
2, 5
Suppose l - 1 + 5 = 0, 4*t - 176 = -l. What are the prime factors of t?
3, 5
Suppose -m = -z - 0*z - 5, -4*z - 5*m = 20. Let q = z - -5. Let h(n) = -n + 8. List the prime factors of h(q).
2
Let q = -7 - -5. Let s = q - -4. List the prime factors of s.
2
Suppose 0 = 4*p - 0*p - 24. Suppose -5*a = 3*q - 7, p = 4*q - 2*q + 2*a. Suppose 0 = q*s + 5*y - 25, y - 45 = -3*s + 6*y. List the prime factors of s.
2, 5
Let u(n) be the second derivative of 5*n**3/3 + 3*n. What are the prime factors of u(5)?
2, 5
Suppose 4*u + 3*k = 85, 3*u + 0*k = -2*k + 63. List the prime factors of u.
19
Suppose -3*h + 25 = 2*h. Suppose 27 = h*a - 143. List the prime factors of a.
2, 17
Let r be 3/(2 - -1)*3. What are the pr